2 + -336?
-428
In base 16, what is -4 + -c98c?
-c990
In base 12, what is 96879 - 0?
96879
In base 3, what is 122 - -102002202122?
102002210021
In base 15, what is 1eaa - -2?
1eac
In base 6, what is 2043 + 134?
2221
In base 14, what is 68 + -168?
-100
In base 6, what is 1 - 2232?
-2231
In base 9, what is -3 + -12486?
-12500
In base 7, what is -253 - 26163?
-26446
In base 11, what is 117120 + 2?
117122
In base 4, what is -300 + -10102?
-11002
In base 2, what is -100101 - 1000011100111?
-1000100001100
In base 2, what is 100010011011010 + -10?
100010011011000
In base 9, what is 2 - -43810?
43812
In base 16, what is -106c8 + 0?
-106c8
In base 14, what is 224 + 138?
35c
In base 13, what is 4627 + -a?
461a
In base 9, what is 30428 - 3?
30425
In base 4, what is 203100213 - -13?
203100232
In base 11, what is -772 - 101?
-873
In base 11, what is 394 - -30?
414
In base 8, what is 1650 - -2?
1652
In base 13, what is -2a4 - -2c8?
24
In base 14, what is -5db1 + -21?
-5dd2
In base 7, what is -2110260 - 5?
-2110265
In base 4, what is -11 + -1103110201?
-1103110212
In base 15, what is ce4 + 3?
ce7
In base 9, what is -35760 - 42?
-35812
In base 5, what is 314 - -23404?
24223
In base 14, what is -7598b1 + -1?
-7598b2
In base 13, what is 0 + -2c54?
-2c54
In base 15, what is -8 + 9a81?
9a78
In base 14, what is -40c0 - -4?
-40ba
In base 4, what is -21231110 - 13?
-21231123
In base 16, what is -1 + 2cd4?
2cd3
In base 9, what is -3 + -44312?
-44315
In base 8, what is -217 - -5656?
5437
In base 13, what is -5 + -33429?
-33431
In base 10, what is -535 - 3638?
-4173
In base 7, what is 253 - 34152?
-33566
In base 4, what is -1 + 13223013?
13223012
In base 12, what is -2 + -455a?
-4560
In base 10, what is 262 + -403?
-141
In base 3, what is 2210 + 11210012?
11212222
In base 15, what is 0 - 4980e?
-4980e
In base 2, what is 10001011011 - -1011101101?
11101001000
In base 13, what is 6 - 4225?
-421c
In base 10, what is -4 + 11091?
11087
In base 10, what is -139 + 56?
-83
In base 12, what is -13 - 5946?
-5959
In base 6, what is 0 - 34053325?
-34053325
In base 14, what is 5 + -7d30?
-7d29
In base 14, what is 6445 - -1b?
6462
In base 4, what is 3103 + -20120?
-11011
In base 16, what is -b7 + -168?
-21f
In base 9, what is 1111317 + 7?
1111325
In base 9, what is 21 + 4614?
4635
In base 2, what is -10000010000001110110 + 0?
-10000010000001110110
In base 3, what is 222110 - -110?
222220
In base 7, what is 45 - -1331?
1406
In base 7, what is 212 + -353?
-141
In base 12, what is 0 + -205161?
-205161
In base 12, what is 28564b - -2?
285651
In base 2, what is -1010001 - 111010100111?
-111011111000
In base 4, what is -2100 - -200123?
132023
In base 3, what is -1000220 - 110010?
-1111000
In base 8, what is -2 + 402501?
402477
In base 2, what is -101010101010010 + 10101001?
-101010010101001
In base 8, what is 37 + 10327?
10366
In base 5, what is -414 + 13402?
12433
In base 13, what is -4 + 49486?
49482
In base 12, what is -9 - -469b4?
469a7
In base 8, what is 33204 - -6?
33212
In base 16, what is e0015 + 3?
e0018
In base 16, what is -30 + 39e?
36e
In base 4, what is 1110033103 + 1?
1110033110
In base 6, what is 414 - -11012?
11430
In base 14, what is -dcac - 3?
-dcb1
In base 8, what is -5 - -1147243?
1147236
In base 4, what is -101000310 - 3?
-101000313
In base 11, what is 447626 - -2?
447628
In base 10, what is -157 + 341?
184
In base 6, what is -13023 - 54?
-13121
In base 8, what is -57 - 1603?
-1662
In base 10, what is -18547 - 26?
-18573
In base 13, what is -9 - 2a76?
-2a82
In base 13, what is -41c4 + -4?
-41c8
In base 11, what is aaa0 + 50?
10040
In base 13, what is -223a36 - 0?
-223a36
In base 6, what is 40241 + 1141?
41422
In base 10, what is 3 + -72965?
-72962
In base 14, what is -24 + 30b?
2c7
In base 6, what is 1355 - 2123?
-324
In base 9, what is 1 + 36672?
36673
In base 7, what is -4 - 1613641?
-1613645
In base 15, what is 80b - -84?
890
In base 12, what is 92 - -491?
563
In base 12, what is -a8 + 162?
76
In base 5, what is 10 - -122304?
122314
In base 14, what is 350207 - -2?
350209
In base 5, what is -102000 - 120?
-102120
In base 3, what is -200110102 + -12?
-200110121
In base 7, what is 5 + 34610?
34615
In base 13, what is -5a - -a?
-50
In base 5, what is 43 - -1223113?
1223211
In base 10, what is 2848 + -6?
2842
In base 6, what is 4214 - -33?
4251
In base 16, what is -4 - -2c9c?
2c98
In base 7, what is 2530 - -104?
2634
In base 2, what is 11111001101001 + 10101?
11111001111110
In base 5, what is 424 - 404303?
-403324
In base 4, what is -11 - 102023023?
-102023100
In base 12, what is -718b7 + 2a?
-71889
In base 11, what is -a - -1237?
1228
In base 9, what is -32754 - -13?
-32741
In base 5, what is -31422133 - 1?
-31422134
In base 15, what is 94 - 647?
-5a3
In base 7, what is -3 + -233664?
-234000
In base 3, what is 1 - -20101221?
20101222
In base 3, what is 102211 + 202210?
1012121
In base 6, what is 5 + -240515?
-240510
In base 12, what is -6 + 4921?
4917
In base 11, what is 5 + 45a47?
45a51
In base 9, what is -3 + 6565?
6562
In base 16, what is 10 + -1131?
-1121
In base 15, what is 3a0 + 12?
3b2
In base 10, what is 3172 - 23?
3149
In base 5, what is -10 - 14233?
-14243
In base 5, what is -4 + -240211324?
-240211333
In base 12, what is -6 + 33053?
33049
In base 5, what is -43331 + -200?
-44031
In base 15, what is 28ea + 96?
2991
In base 13, what is 25c68c + 3?
25c692
In base 5, what is 144 + 211000?
211144
In base 2, what is -111000101001100001 + -10?
-111000101001100011
In base 2, what is -111 - -101011101010?
101011100011
In base 9, what is 46 - 77?
-31
In base 12, what is 18 + -12987?
-1296b
In base 2, what is -100110110011110000011 + 101?
-100110110011101111110
In base 6, what is -521301220 - -2?
-521301214
In base 4, what is 2120302 - -10?
2120312
In base 9, what is -5 + -2270?
-2275
In base 11, what is 1 + -24758?
-24757
In base 3, what is -10 + -101122212?
-101122222
In base 6, what is 221 + 102334?
102555
In base 3, what is -220120 + 11211?
-201202
In base 12, what is 15 + -356a?
-3555
In base 11, what is -27 - -21880?
21854
In base 6, what is -212524 + 2?
-212522
In base 2, what is -1001000 - -101011011001110?
101011010000110
In base 5, what is -3 - -2311112?
2311104
In base 3, what is -1022 + -11101?
-12200
In base 5, what is -2 + -10220140?
-10220142
In base 16, what is 1eee - 2?
1eec
In base 11, what is -610020 - -5?
-610016
In base 6, what is 1215024 + -12?
1215012
In base 12, what is 31a4 - -128?
3310
In base 9, what is 2 - 311334?
-311332
In base 8, what is 747675 + 2?
747677
In base 16, what is 4 + 3054?
3058
In base 10, what is -22471 - -11?
-22460
In base 5, what is 4 + -214223300?
-214223241
In base 3, what is -1 + 1001021112?
1001021111
In base 3, what is 1012 + -1210110102?
-1210102020
In base 13, what is -70 + 74?
4
In base 13, what is -640c24 + 2?
-640c22
In base 16, what is -ed - -3d2?
2e5
In base 5, what is 1120120102 + 10?
1120120112
In base 10, what is -14394 - -2?
-14392
In base 8, what is 1 + 642352?
642353
In base 14, what is 4da3a + -1?
4da39
In base 10, what is -174 + -3695?
-3869
In base 13, what is -1a4c + 4?
-1a48
In base 3, what is -10201 + -121120?
-202021
In base 10, what is 245 + -4415?
-4170
In base 11, what is 5 - -1a464?
1a469
In base 6, what is 412402 + -3?
412355
In base 9, what is -12 - 4357?
-4370
In base 8, what is 2013 + -212?
1601
In base 12, what is 23782 - 9?
23775
In base 8, what is 36 + -174154?
-174116
In base 12, what is -42a + 1b3?
-237
In base 8, what is -503 + 642?
137
In base 4, what is 23302 - -22001?
111303
In base 11, what is -1a44 - 0?
-1a44
In base 2, what is -10011110 - 101111110?
-1000011100
In base 6, what is 232531 - -4?
232535
In base 10, what is 7 + 100?
107
In base 10, what is 302 - 6033?
-5731
In base 5, what is 4122 - -233?
4410
In base 5, what is 22142 - 22?
22120
In base 3, what is 2 + -121220200?
-121220121
In base 5, what is -3 + 144241?
144233
In base 14, what is 0 + 18600?
18600
In base 6, what is -5 + 125033?
125024
In base 16, what is -5a5 + 43?
-562
In base 3, what is -200100 + -1000110?
-1200210
In base 12, what is -528 - 1a?
-546
In base 10, what is -48 + 1051?
1003
In base 9, what is 7233 - 13?
7220
In base 6, what is -3 + 1325442?
1325435
In base 8, what is -164 - 40731?
-41115
In ba